{"id":2,"date":"2016-05-10T03:48:21","date_gmt":"2016-05-10T03:48:21","guid":{"rendered":"http:\/\/haus-paulus.de\/?page_id=2"},"modified":"2019-06-24T07:08:54","modified_gmt":"2019-06-24T07:08:54","slug":"sample-page","status":"publish","type":"page","link":"https:\/\/haus-paulus.de\/?page_id=2","title":{"rendered":"Ferienwohnungen"},"content":{"rendered":"<p><strong>Ferienwohnung \u201eTalblick\u201c \u2013 4 Personen <\/strong><\/p>\n<p>&nbsp;<\/p>\n<p>Entspannen Sie \u00fcber den D\u00e4chern von Schleiden und genie\u00dfen Sie Ruhe, trotz der zentralen Lage.<\/p>\n<p>Unsere Wohnung Talblick besticht durch Ihre 120 m\u00b2 Wohnfl\u00e4che mit 2 Schlafzimmern, 2 Badezimmern sowie K\u00fcche und gro\u00dfz\u00fcgigem Wohn-\/ Essbereich.<\/p>\n<p>Neben dem Wohnzimmer finden Sie auch in jedem Schlafzimmer einen Smart TV.<\/p>\n<p>In kalten Tagen l\u00e4dt nicht nur der offene Kamin, sondern auch die au\u00dfen Sauna zum Verweilen ein.<\/p>\n<p>Im Sommer finden Sie auf der 60 m\u00b2 gro\u00dfen Terrasse Ihren Platz und k\u00f6nnen den Sonnenuntergang bis \u00fcber den Kermeter beobachten.<\/p>\n<p>ngg_shortcode_0_placeholder<strong>Ferienwohnung \u201eHetti\u201c 4 Personen<\/strong><\/p>\n<p>&nbsp;<\/p>\n<p>Hat man die kurze Auffahrt zu unserem Haus geschafft, finden Sie hier ebenerdig auf 80 m\u00b2 alles, was das Herz begehrt.<\/p>\n<p>Vom gro\u00dfen gem\u00fctlichen Schlafzimmer gelangt man direkt in das Badezimmer.<\/p>\n<p>Dieses bietet auch M\u00f6glichkeiten f\u00fcr Leute, die auf ein wenig Hilfe angewiesen sind.<\/p>\n<p>Somit ist unsere Wohnung \u201eHetti\u201c bedingt auch f\u00fcr Rollstuhlfahrer geeignet.<\/p>\n<p>Die offene K\u00fcche mit dem ger\u00e4umigen Wohn-\/ Esszimmer l\u00e4dt zum Verweilen ein.<\/p>\n<p>Von hier aus k\u00f6nnen Sie auch sofort auf die eigene Terrasse.<\/p>\n<p>Einen Smart TV finden Sie im Wohn- sowie im Schlafzimmer.<\/p>\n<p>Durch die clevere Raumaufteilung ist die Nutzung in Kombination mit der Wanderwohnung bis zu 4 Personen m\u00f6glich.<\/p>\nngg_shortcode_1_placeholder\n<p><strong>Ferienwohnung \u201eWanderzimmer\u201c 2 Personen<\/strong><\/p>\n<p>&nbsp;<\/p>\n<p>Unser Wanderzimmer verf\u00fcgt \u00fcber eine Schlaf-\/Wohnraum, eine kleine Pantryk\u00fcche, sowie ein Durchgangszimmer zum eigenen Badezimmer.<\/p>\n<p>Schn\u00f6rkellos und trotzdem mit Wohlf\u00fchleffekt!<\/p>\nngg_shortcode_2_placeholder\n","protected":false},"excerpt":{"rendered":"<p>Ferienwohnung \u201eTalblick\u201c \u2013 4 Personen &nbsp; Entspannen Sie \u00fcber den D\u00e4chern von Schleiden und genie\u00dfen Sie Ruhe, trotz der zentralen Lage. Unsere Wohnung Talblick besticht durch Ihre 120 m\u00b2 Wohnfl\u00e4che mit 2 Schlafzimmern, 2 Badezimmern sowie K\u00fcche und gro\u00dfz\u00fcgigem Wohn-\/ Essbereich. Neben dem Wohnzimmer finden Sie auch in jedem Schlafzimmer einen Smart TV. In kalten &hellip; <\/p>\n<p class=\"link-more\"><a href=\"https:\/\/haus-paulus.de\/?page_id=2\" class=\"more-link\"><span class=\"screen-reader-text\">\u201eFerienwohnungen\u201c<\/span> weiterlesen<\/a><\/p>\n","protected":false},"author":1,"featured_media":0,"parent":0,"menu_order":0,"comment_status":"closed","ping_status":"open","template":"","meta":{"ngg_post_thumbnail":0,"footnotes":""},"class_list":["post-2","page","type-page","status-publish","hentry"],"_links":{"self":[{"href":"https:\/\/haus-paulus.de\/index.php?rest_route=\/wp\/v2\/pages\/2","targetHints":{"allow":["GET"]}}],"collection":[{"href":"https:\/\/haus-paulus.de\/index.php?rest_route=\/wp\/v2\/pages"}],"about":[{"href":"https:\/\/haus-paulus.de\/index.php?rest_route=\/wp\/v2\/types\/page"}],"author":[{"embeddable":true,"href":"https:\/\/haus-paulus.de\/index.php?rest_route=\/wp\/v2\/users\/1"}],"replies":[{"embeddable":true,"href":"https:\/\/haus-paulus.de\/index.php?rest_route=%2Fwp%2Fv2%2Fcomments&post=2"}],"version-history":[{"count":8,"href":"https:\/\/haus-paulus.de\/index.php?rest_route=\/wp\/v2\/pages\/2\/revisions"}],"predecessor-version":[{"id":228,"href":"https:\/\/haus-paulus.de\/index.php?rest_route=\/wp\/v2\/pages\/2\/revisions\/228"}],"wp:attachment":[{"href":"https:\/\/haus-paulus.de\/index.php?rest_route=%2Fwp%2Fv2%2Fmedia&parent=2"}],"curies":[{"name":"wp","href":"https:\/\/api.w.org\/{rel}","templated":true}]}}

<p><strong>Ferienwohnung „Talblick“ – 4 Personen </strong></p>
<p>&nbsp;</p>
<p>Entspannen Sie über den Dächern von Schleiden und genießen Sie Ruhe, trotz der zentralen Lage.</p>
<p>Unsere Wohnung Talblick besticht durch Ihre 120 m² Wohnfläche mit 2 Schlafzimmern, 2 Badezimmern sowie Küche und großzügigem Wohn-/ Essbereich.</p>
<p>Neben dem Wohnzimmer finden Sie auch in jedem Schlafzimmer einen Smart TV.</p>
<p>In kalten Tagen lädt nicht nur der offene Kamin, sondern auch die außen Sauna zum Verweilen ein.</p>
<p>Im Sommer finden Sie auf der 60 m² großen Terrasse Ihren Platz und können den Sonnenuntergang bis über den Kermeter beobachten.</p>
<p>ngg_shortcode_0_placeholder<strong>Ferienwohnung „Hetti“ 4 Personen</strong></p>
<p>&nbsp;</p>
<p>Hat man die kurze Auffahrt zu unserem Haus geschafft, finden Sie hier ebenerdig auf 80 m² alles, was das Herz begehrt.</p>
<p>Vom großen gemütlichen Schlafzimmer gelangt man direkt in das Badezimmer.</p>
<p>Dieses bietet auch Möglichkeiten für Leute, die auf ein wenig Hilfe angewiesen sind.</p>
<p>Somit ist unsere Wohnung „Hetti“ bedingt auch für Rollstuhlfahrer geeignet.</p>
<p>Die offene Küche mit dem geräumigen Wohn-/ Esszimmer lädt zum Verweilen ein.</p>
<p>Von hier aus können Sie auch sofort auf die eigene Terrasse.</p>
<p>Einen Smart TV finden Sie im Wohn- sowie im Schlafzimmer.</p>
<p>Durch die clevere Raumaufteilung ist die Nutzung in Kombination mit der Wanderwohnung bis zu 4 Personen möglich.</p>
ngg_shortcode_1_placeholder
<p><strong>Ferienwohnung „Wanderzimmer“ 2 Personen</strong></p>
<p>&nbsp;</p>
<p>Unser Wanderzimmer verfügt über eine Schlaf-/Wohnraum, eine kleine Pantryküche, sowie ein Durchgangszimmer zum eigenen Badezimmer.</p>
<p>Schnörkellos und trotzdem mit Wohlfühleffekt!</p>
ngg_shortcode_2_placeholder

<p>Ferienwohnung „Talblick“ – 4 Personen &nbsp; Entspannen Sie über den Dächern von Schleiden und genießen Sie Ruhe, trotz der zentralen Lage. Unsere Wohnung Talblick besticht durch Ihre 120 m² Wohnfläche mit 2 Schlafzimmern, 2 Badezimmern sowie Küche und großzügigem Wohn-/ Essbereich. Neben dem Wohnzimmer finden Sie auch in jedem Schlafzimmer einen Smart TV. In kalten &hellip; </p>
<p class="link-more"><a href="https://haus-paulus.de/?page_id=2" class="more-link"><span class="screen-reader-text">„Ferienwohnungen“</span> weiterlesen</a></p>
