{"id":68,"date":"2019-01-27T18:25:31","date_gmt":"2019-01-27T18:25:31","guid":{"rendered":"http:\/\/haus-paulus.de\/?page_id=68"},"modified":"2020-10-22T18:58:53","modified_gmt":"2020-10-22T18:58:53","slug":"impressum","status":"publish","type":"page","link":"https:\/\/haus-paulus.de\/?page_id=68","title":{"rendered":"Impressum"},"content":{"rendered":"<div id=\"leftRow\">&nbsp;<\/div>\n<div id=\"centerRow\">\n<div class=\"contentNormal\">\n<div id=\"c5\" class=\"csc-default\">\n<div class=\"csc-header-n1\">\n<h1 class=\"csc-firstHeader\">Impressum<\/h1>\n<\/div>\n<p class=\"bodytext\">Anbieterkennzeichnung (nach \u00a76 Teledienstegesetz &#8211; TDG):<br \/>\nVerantwortlich im Sinne \u00a76 Teledienstegesetz und \u00a76 Mediendienste-Staatsvertrag:<\/p>\n<p>Haus Paulus<br \/>\nGesetzlicher Vertretungsberechtigter:<\/p>\n<p class=\"bodytext\">Umsatzsteueridentifikationsnummer: DE211\/5044\/2064<\/p>\n<p class=\"bodytext\">Familie Sebastian Jaax<br \/>\nLangerscheider Weg 3<br \/>\n53937 Schleiden<\/p>\n<p>Mobil: +49 173 1502240<\/p>\n<p class=\"bodytext\">Email an: <a href=\"mailto:info@haus-paulus.de\">Familie Jaax<\/a><\/p>\n<p class=\"bodytext\"><a title=\"Der Sch\u00fcbelhof\" href=\"http:\/\/www.schuebelhof.de\/home.html\" target=\"_top\" rel=\"noopener noreferrer\">http:\/\/www.haus-paulus.de<\/a><\/p>\n<p class=\"bodytext\"><strong>Hinweis zum Datenschutz<\/strong><br \/>\nNur f\u00fcr Gesch\u00e4ftsabwicklungen notwendige Daten werden gespeichert und den verarbeitenden Sachbearbeitern zugeleitet. Alle personenbezogenen Daten werden vertraulich behandelt. Ihre schutzw\u00fcrdigen Belange werden dabei ber\u00fccksichtigt.<br \/>\nHinweis: Ihre Daten werden weder zu Werbezwecken noch zu marktstatistischen Ermittlungen, sondern ausschlie\u00dflich zur Abwicklung von Bestellungen und Gesch\u00e4ftsauftr\u00e4gen erhoben und entsprechend den geltenden Datenschutzbestimmungen vertraulich behandelt und nicht an Dritte weitergegeben.<\/p>\n<p class=\"bodytext\"><strong>Copyright:<\/strong><br \/>\nS\u00e4mtliche angebotenen Informationen d\u00fcrfen &#8211; auch auszugsweise &#8211; nur mit schriftlicher Genehmigung weiterverbreitet, vervielf\u00e4ltigt oder anderweitig ver\u00f6ffentlicht werden. Die Systeme dieser Internetpr\u00e4senz d\u00fcrfen nur im Rahmen der Allgemeinen Gesch\u00e4ftsbedingungen verwendet werden. Keinesfalls ist es gestattet, die abgerufenen Informationen anderweitig online oder auf andere Medien weiterzuverbreiten oder kommerziell zu nutzen!<\/p>\n<p><strong>Haftungshinweis:<\/strong><br \/>\nTrotz sorgf\u00e4ltiger inhaltlicher Kontrolle \u00fcbernehmen wir keine Haftung f\u00fcr die Inhalte externer Links. F\u00fcr den Inhalt der verlinkten Seiten sind ausschlie\u00dflich deren Betreiber verantwortlich.<\/p>\n<p><strong>Konzeption\/Text &amp;Grafik:<br \/>\n<\/strong>Sebastian Jaax<\/p>\n<p><strong>Webseite:<br \/>\n<\/strong>David Groebel<\/p>\n<\/div>\n<\/div>\n<\/div>\n","protected":false},"excerpt":{"rendered":"<p>&nbsp; Impressum Anbieterkennzeichnung (nach \u00a76 Teledienstegesetz &#8211; TDG): Verantwortlich im Sinne \u00a76 Teledienstegesetz und \u00a76 Mediendienste-Staatsvertrag: Haus Paulus Gesetzlicher Vertretungsberechtigter: Umsatzsteueridentifikationsnummer: DE211\/5044\/2064 Familie Sebastian Jaax Langerscheider Weg 3 53937 Schleiden Mobil: +49 173 1502240 Email an: Familie Jaax http:\/\/www.haus-paulus.de Hinweis zum Datenschutz Nur f\u00fcr Gesch\u00e4ftsabwicklungen notwendige Daten werden gespeichert und den verarbeitenden Sachbearbeitern zugeleitet. Alle &hellip; <\/p>\n<p class=\"link-more\"><a href=\"https:\/\/haus-paulus.de\/?page_id=68\" class=\"more-link\"><span class=\"screen-reader-text\">\u201eImpressum\u201c<\/span> weiterlesen<\/a><\/p>\n","protected":false},"author":1,"featured_media":0,"parent":0,"menu_order":0,"comment_status":"closed","ping_status":"closed","template":"","meta":{"ngg_post_thumbnail":0,"footnotes":""},"class_list":["post-68","page","type-page","status-publish","hentry"],"_links":{"self":[{"href":"https:\/\/haus-paulus.de\/index.php?rest_route=\/wp\/v2\/pages\/68","targetHints":{"allow":["GET"]}}],"collection":[{"href":"https:\/\/haus-paulus.de\/index.php?rest_route=\/wp\/v2\/pages"}],"about":[{"href":"https:\/\/haus-paulus.de\/index.php?rest_route=\/wp\/v2\/types\/page"}],"author":[{"embeddable":true,"href":"https:\/\/haus-paulus.de\/index.php?rest_route=\/wp\/v2\/users\/1"}],"replies":[{"embeddable":true,"href":"https:\/\/haus-paulus.de\/index.php?rest_route=%2Fwp%2Fv2%2Fcomments&post=68"}],"version-history":[{"count":4,"href":"https:\/\/haus-paulus.de\/index.php?rest_route=\/wp\/v2\/pages\/68\/revisions"}],"predecessor-version":[{"id":286,"href":"https:\/\/haus-paulus.de\/index.php?rest_route=\/wp\/v2\/pages\/68\/revisions\/286"}],"wp:attachment":[{"href":"https:\/\/haus-paulus.de\/index.php?rest_route=%2Fwp%2Fv2%2Fmedia&parent=68"}],"curies":[{"name":"wp","href":"https:\/\/api.w.org\/{rel}","templated":true}]}}